t is the units digit of k?
4
Suppose 0 = 3*n + 5*c + 23, 0 = 4*n + 4*c + c + 29. Let m = n - -10. Suppose -3*j + 45 = m*r, -r - 2*j + 3 = -2. What is the units digit of r?
5
Let a(t) be the second derivative of 5/2*t**2 - 5/6*t**3 + 0 - t. What is the units digit of a(-11)?
0
Suppose 49*s - 40*s - 3114 = 0. Let q = s - 195. What is the hundreds digit of q?
1
Let x be (-2)/4*(-16 + 8). Suppose 5*s + 2*z + 276 = s, x*s = 4*z - 288. What is the tens digit of s/(-2) - 8/(-8)?
3
Suppose 804 = 2*j + 86. What is the tens digit of j?
5
Suppose t = -2*t + 117. Suppose -4*j + 57 = -t. What is the tens digit of (24/16)/(1/j)?
3
Let v(t) = -3*t**3 - 5*t**2 - 17*t - 8. Let m be v(-7). Suppose c = -4*c + m. What is the hundreds digit of c?
1
Let r(f) = -f**2 - 14*f + 34. Let q be r(-16). Suppose 5*w - q*x - 3*x - 85 = 0, 0 = -4*w + 3*x + 72. What is the tens digit of w?
2
What is the tens digit of -6 + 0 - (-23275)/7?
1
Suppose 9*z - 23144 = 4612. What is the thousands digit of z?
3
Suppose 11*a - 9*a - 696 = 0. What is the units digit of a?
8
Suppose -3*c + 489 = -18. What is the tens digit of c?
6
Suppose 3*f - 12 + 3 = 0. Suppose 0 = -3*t + 2*w + f*w + 141, -4*w = 3*t - 168. What is the units digit of t?
2
Suppose -179 = 4*j - 723. What is the hundreds digit of j?
1
Let r be (-3 + 15/4)*12. Let b(v) = -v**3 + 8*v**2 + 6*v + 9. Let u be b(r). What is the tens digit of 10/(-2*2/u)?
4
Suppose -p + 5*h - 4*h = 43, 2*p = -4*h - 98. Let q = 161 + p. What is the tens digit of q?
1
Suppose -3*w = -20 - 7. Suppose 10*l = w*l + 175. What is the tens digit of l?
7
Suppose 0*q + 3*i = -q - 16, 0 = -2*i - 8. What is the tens digit of 272/28 - q/14?
1
Suppose 27*j = 6*j + 6699. What is the hundreds digit of j?
3
What is the hundreds digit of ((-1128)/36)/((-30)/855)?
8
Let t(x) = -3*x**3 - 4*x**2 + 4*x + 3. Let a = 22 + -25. What is the units digit of t(a)?
6
Suppose -61*q + 71536 = -82611. What is the tens digit of q?
2
Let t be 1/((-308)/(-310) - 1). Let j = t + 335. What is the hundreds digit of j?
1
Suppose 12 = -s + 15. Suppose -2*z + 4*p = 3*z - 32, p = -s. What is the units digit of z?
4
Let h(f) = -9*f + 0*f**3 + f**3 - 5*f**2 + f + 5 + 2*f. Let r be h(6). Suppose -t = -r*t + 4. What is the units digit of t?
1
Suppose -5*r + p + 153 = -r, 4*r - 168 = 4*p. Suppose -n + 2*c + r = 0, 3*n + c + 40 = 4*n. What is the units digit of n?
3
Let i be 0/(-3 + -1 - -6). Suppose i = -4*c + 28. What is the units digit of c?
7
Let f be -29 - -1*(2 - 1). Suppose -7 = -g - 2*u, 3*u - 14 = 2*g + 7. What is the units digit of (1 - g - f) + -2?
0
Let v(o) = 15 + 0*o + 0*o - 26*o**2 + 43*o**2. What is the hundreds digit of v(3)?
1
Suppose 4995 = 7*o + 998. What is the units digit of o?
1
Let r(i) = -2*i + 7. Let x be r(-6). Let k = x + -11. What is the units digit of k?
8
Suppose -20*t = -14*t - 5964. Suppose -5*p = -t - 391. What is the units digit of p?
7
Let n = 141 - 156. What is the units digit of -10*n/18*3?
5
Let y = 2 + -4. Let d be y + -1 + 1*-6. Let x = -4 - d. What is the units digit of x?
5
Let u = -7 - -11. Suppose 4*i - 2*v = -38, -u*v = 3*i - 10 + 66. Let g = i + 22. What is the tens digit of g?
1
Let x be 2 - (-3 + (-6)/(-2)). Suppose 4*j + 7 + 15 = -2*n, x = 2*n - 2*j. What is the tens digit of 16 - (-1*6)/n?
1
Suppose 35*h + 6957 - 31527 = 0. What is the tens digit of h?
0
Suppose -3*g + 50 = 2*g - 2*y, 0 = 2*g + 3*y - 1. Let s be 4/g*436 + 2. Suppose -10*i + s = -5*i. What is the units digit of i?
4
Let v = 7 + 3. What is the tens digit of ((-6)/v)/((-2)/90)?
2
Suppose o = -479 - 79. Let v be o/(-27) - 1/(-3). Suppose k + 7 = v. What is the tens digit of k?
1
Suppose -266 = -3*u - 38. Suppose -2*d = -d - u. What is the tens digit of d?
7
Suppose 0*n = -4*n. Suppose r - 7 - 10 = n. What is the units digit of r?
7
Let n = 31 + -28. Suppose 160 = 8*g - n*g. What is the tens digit of g?
3
Suppose 2*c + 800 = -2*r + 2976, r + 2*c = 1091. What is the thousands digit of r?
1
Let o(b) = 8*b**2 - 3*b - 1. Let g(u) = -11*u**2 + 5*u + 2. Let c(j) = 5*g(j) + 7*o(j). Let r be (-464)/56 - (-2)/7. What is the tens digit of c(r)?
3
Suppose -p - 3 = -2*u - 4*p, 3*u = 2*p - 28. Let f = -3 - u. Suppose -f*h = -6*h + 57. What is the tens digit of h?
1
Let z(y) = 2*y**2 - 7*y + 52. What is the units digit of z(20)?
2
What is the tens digit of 1/(4*((-105675)/26420 + 4))?
2
What is the hundreds digit of (-9)/(-21) - 37954/(-49)?
7
Let m = 31 + -43. Let t be (-8)/(-28) + m/(-7). What is the tens digit of 87/t - (-8)/16?
4
Suppose -5*f + 0*f = 4*r - 7850, -6*r + 4*f = -11798. What is the hundreds digit of r?
9
Let u be (-2)/(-2) - (18 + -14). What is the tens digit of u - ((-18)/(-4))/((-8)/432)?
4
Let a = 1115 + -223. What is the units digit of a?
2
Suppose 0 = 3*q - 8*q. Suppose 4*b + 13 = -4*z - b, -5*z + 5*b + 40 = q. Suppose -v + 31 = -2*u + z*u, 2*v = -u + 35. What is the units digit of u?
7
Let x = -78 + 56. Suppose -60 = -2*u - 4*t, -t + 127 = 4*u - 0*u. Let a = x + u. What is the tens digit of a?
1
Let a = -1 - -4. Suppose 5*o + 58 = -d, -42 = a*o + 2*d - 3. What is the units digit of (-3 + o)*1/(-2)?
7
Suppose -13*h - 8*h + 2562 = 0. What is the hundreds digit of h?
1
Let i be -4*(-4)/(24/69). Let x be i/2 + 0 - -3. What is the units digit of (-14)/(-91) + 74/x?
3
Suppose -19*o + 158 = -12933. What is the units digit of o?
9
Let c = 519 + 77. What is the hundreds digit of c?
5
Suppose 3*t + 0*t - 147 = 0. Suppose -4*c - 3*v = -103, 0 = -2*c - 0*v + v + t. What is the tens digit of c?
2
Suppose -2*h - 1026 = -2*l, 9*h - 14*h + 1499 = 3*l. What is the units digit of l?
8
What is the units digit of 3/(-30) - 55121/(-110)?
1
Let t = 63 - 59. What is the units digit of 3/(t/((-16)/(-6)))?
2
Let g = -4 - -16. Let p = g - 12. Suppose p = -4*v + 6*v - 46. What is the tens digit of v?
2
Suppose 210 = -0*n + 2*n + 5*b, -n = -4*b - 105. Suppose 6*g - 99 = n. What is the units digit of g?
4
Let g = -281 - -949. What is the tens digit of g?
6
Let t = 321 + -190. What is the tens digit of t?
3
Suppose 9 = -4*v + 2*m - 5, 2 = -v + m. Let r = 10 + v. Suppose 0 = 5*a + 4*j - 93, -r*a + 2*j + 2*j = -117. What is the tens digit of a?
2
What is the units digit of 88/(-24)*-339 + 3?
6
Let q(m) be the second derivative of -1/6*m**3 + 0 - 1/2*m**2 - 4*m. What is the units digit of q(-5)?
4
Let f(p) be the third derivative of p**5/15 - p**4/12 + 5*p**3/6 - p**2. Suppose 4*z + 3*a - 10 = 3*z, -z - 2 = -3*a. What is the tens digit of f(z)?
6
Let n(y) = -10 - 7*y + 18*y + 0 - 3. What is the tens digit of n(6)?
5
Let k(w) be the first derivative of -w**3/3 - 2*w**2 + 14*w - 6. Let m be k(-9). Let n = 57 + m. What is the units digit of n?
6
Let w(h) = 4*h**2 + 49*h - 46. Let m(p) = 3*p**2 + 33*p - 31. Let o(z) = -7*m(z) + 5*w(z). What is the tens digit of o(12)?
1
Suppose 3*u - 3*l = 6, 2*u + 3*l + 6 = -0*l. Suppose 3*f - 217 = 5*o + f, -2*o + 3*f - 78 = u. What is the units digit of -1*(o - (-3)/(-1))?
8
Suppose 0 = 3*r - 2*r. Suppose r = 4*x - 11 - 5. Suppose -3*l = 0, j + j + x*l = 26. What is the units digit of j?
3
Let t = -165 + 235. What is the tens digit of t?
7
Let b = 22 - 28. Let m(c) = -c**3 - 6*c**2 - c + 1. Let l be m(b). Suppose 0 = 8*i - l*i - 42. What is the units digit of i?
2
Suppose 37 = -2*v - 3. Suppose 3*g + 82 = -g - d, -110 = 5*g + 5*d. What is the units digit of (g/(-25))/((-2)/v)?
8
Suppose 6*k - 527 = 2089. What is the units digit of k?
6
Let a(m) = m**2 + 8*m - 6. Let w(l) = -l**3 + 20*l**2 - 21*l + 28. Let g be w(19). What is the tens digit of a(g)?
1
Let o(h) = -8 + 20 - 19 + 35*h. What is the hundreds digit of o(4)?
1
Let c(q) = -2*q - 1. Let u be c(5). What is the tens digit of -4 + -5*(u + -2)?
6
Suppose -d + 2*l + 6 = 3*d, -d + 4 = 2*l. Suppose -5*f = -t + 4, -t = d*f + 3*f - 24. What is the tens digit of t?
1
What is the units digit of (6/42*7)/((-4)/(-484))?
1
Suppose -4*o + 5*u + 185 = 0, 4*o - 4*u = -6*u + 150. Let l be (-44)/(-5) + 8/o. What is the units digit of 2/l + 620/45?
4
Let y be 5 + (-1)/1 + 2. What is the units digit of y/27 + 6285/27?
3
Suppose 2*k = -0*k - 3*z + 19, -4*z = -2*k - 16. Suppose 0 = t - 2*t + k*x + 30, 2*t + 2*x - 78 = 0. What is the tens digit of (-54)/t*118/(-3)?
5
Suppose -13*n - 496 = -15*n. What is the tens digit of 3*(-2)/18 - n/